{"id":4027,"date":"2017-06-27T08:49:44","date_gmt":"2017-06-27T08:49:44","guid":{"rendered":"http:\/\/sebsend.net\/?page_id=4027"},"modified":"2023-05-05T16:13:09","modified_gmt":"2023-05-05T16:13:09","slug":"eishockey","status":"publish","type":"page","link":"https:\/\/ra-soest.de\/?page_id=4027","title":{"rendered":"Eishockey"},"content":{"rendered":"<p>Rechtsanwalt Burkhard K.J. H\u00f6cker ist seit Jahrzehnten dem Eishockeysport in diversen Funktionen verbunden. Bereits im Alter von 16 Jahren deb\u00fctierte er mit einer Sondergenehmigung in der ersten Seniorenmannschaft des ESC Soest. Beim ESC Soest war der Kanzleiinhaber, neben drei weiteren Eishockeystationen im Westen, bis zur Regionalliga aktiv. Bereits mit 18 Jahren begann neben der Spielerlaufbahn die Trainert\u00e4tigkeit. Die Trainert\u00e4tigkeit umfasste lizenzierte T\u00e4tigkeiten als Spielertrainer, Seniorentrainer und Nachwuchstrainer. Burkhard K.J. H\u00f6cker ist Gr\u00fcndungsvorsitzender, Satzungs- und Namensgeber der Soester EG. Als sportlicher Leiter und Seniorentrainer in Personalunion waren die gr\u00f6\u00dften Erfolge mit der Soester EG insbesondere der NRW-Liga-Pokalsieg im Jahre 2012 sowie der Regionalligaaufstieg im Jahre 2013. Mit Ablauf der Saison 2017\/18 verabschiedete sich der Kanzleigr\u00fcnder auf eigenen Wunsch von seiner erfolgreichen T\u00e4tigkeit im Senioreneishockey, um sich mehr f\u00fcr das Nachwuchseishockey der Soester EG und seine dort inzwischen aktiven S\u00f6hne engagieren zu k\u00f6nnen. In der Folgesaison 2018\/19 gewann die von Rechtsanwalt Burkhard K.J. H\u00f6cker trainierte U13-Nachwuchsmannschaft der Soester EG die Bezirksligameisterschaft. Hierdurch konnte erstmalig eine Soester Eishockeynachwuchsmannschaft einen Meistertitel in der langen Historie des Soester Eishockeys gewinnen. In der Saison 2019\/20 konnte der Kanzleiinhaber die U13 der Soester EG als Trainer zur Titelverteidigung f\u00fchren. Nachdem die Saison 2020\/21 coronabedingt ausgefallen ist konnte er mit der U15 der Soester EG im Jahre 2022 die Bezirksligameisterschaft und quasi den Titelhattrick mit seinem Sohn Klemens Bo feiern. Zu Beginn der Spielzeit 2022\/ 2023 \u00fcbernahm Rechtsanwalt H\u00f6cker die Mannschaften der U11 und U13 der Soester EG, in denen sein Sohn Bosse spielte. Mit der U11 wurde zum Saisonabschluss erfolgreich das U11-Heimturnier bestritten und mit der U13 konnte die Bezirksliga-Meisterschaft 2023 gefeiert werden.<\/p>\n<p>Auch durch das Ehrenamt als langj\u00e4hriger 1. Vorsitzender der Soester EG sowie durch die langj\u00e4hrige Aus\u00fcbung der Pressearbeit sowie des Amtes des Mannschaftskapit\u00e4ns beim ESC Soest und der Soester EG ist trotz der zwischenzeitlichen Wohnsitze in K\u00f6ln, M\u00fcnster und Dortmund ein enger Kontakt zum jetzigen Kanzleiort verblieben.<\/p>\n","protected":false},"excerpt":{"rendered":"<p>Rechtsanwalt Burkhard K.J. H\u00f6cker ist seit Jahrzehnten dem Eishockeysport in diversen Funktionen verbunden. Bereits im Alter von 16 Jahren deb\u00fctierte er mit einer Sondergenehmigung in der ersten Seniorenmannschaft des ESC Soest. Beim ESC Soest war der Kanzleiinhaber, neben drei weiteren Eishockeystationen im Westen, bis zur Regionalliga aktiv. Bereits mit 18 Jahren begann neben der Spielerlaufbahn die Trainert\u00e4tigkeit. Die Trainert\u00e4tigkeit umfasste lizenzierte T\u00e4tigkeiten als Spielertrainer, Seniorentrainer und Nachwuchstrainer. Burkhard K.J. H\u00f6cker ist Gr\u00fcndungsvorsitzender, Satzungs- und Namensgeber der Soester EG. Als sportlicher Leiter und Seniorentrainer in Personalunion waren die gr\u00f6\u00dften Erfolge mit der Soester EG insbesondere der NRW-Liga-Pokalsieg im Jahre 2012 sowie der Regionalligaaufstieg im Jahre 2013.<span class=\"more-link-wrap\"><a class=\"more-link\" href=\"https:\/\/ra-soest.de\/?page_id=4027\">Read More &rarr;<\/a><\/span><\/p>\n","protected":false},"author":1,"featured_media":4164,"parent":0,"menu_order":0,"comment_status":"closed","ping_status":"closed","template":"","meta":{"footnotes":""},"class_list":["entry","author-sendlak","post-4027","page","type-page","status-publish","has-post-thumbnail"],"_links":{"self":[{"href":"https:\/\/ra-soest.de\/index.php?rest_route=\/wp\/v2\/pages\/4027","targetHints":{"allow":["GET"]}}],"collection":[{"href":"https:\/\/ra-soest.de\/index.php?rest_route=\/wp\/v2\/pages"}],"about":[{"href":"https:\/\/ra-soest.de\/index.php?rest_route=\/wp\/v2\/types\/page"}],"author":[{"embeddable":true,"href":"https:\/\/ra-soest.de\/index.php?rest_route=\/wp\/v2\/users\/1"}],"replies":[{"embeddable":true,"href":"https:\/\/ra-soest.de\/index.php?rest_route=%2Fwp%2Fv2%2Fcomments&post=4027"}],"version-history":[{"count":10,"href":"https:\/\/ra-soest.de\/index.php?rest_route=\/wp\/v2\/pages\/4027\/revisions"}],"predecessor-version":[{"id":4433,"href":"https:\/\/ra-soest.de\/index.php?rest_route=\/wp\/v2\/pages\/4027\/revisions\/4433"}],"wp:featuredmedia":[{"embeddable":true,"href":"https:\/\/ra-soest.de\/index.php?rest_route=\/wp\/v2\/media\/4164"}],"wp:attachment":[{"href":"https:\/\/ra-soest.de\/index.php?rest_route=%2Fwp%2Fv2%2Fmedia&parent=4027"}],"curies":[{"name":"wp","href":"https:\/\/api.w.org\/{rel}","templated":true}]}}