{"id":3973,"date":"2017-04-08T23:22:18","date_gmt":"2017-04-08T23:22:18","guid":{"rendered":"http:\/\/sebsend.net\/?page_id=3973"},"modified":"2017-09-09T18:37:09","modified_gmt":"2017-09-09T18:37:09","slug":"anfahrt","status":"publish","type":"page","link":"https:\/\/ra-soest.de\/?page_id=3973","title":{"rendered":"Anfahrt"},"content":{"rendered":"<p>Die Rechtsanwaltskanzlei H\u00f6cker befindet sich im Melanchthonweg 33, 59494 Soest in unmittelbarer N\u00e4he zur Ampelkreuzung Arnsberger Stra\u00dfe\/Wisbyring.<\/p>\n<p><strong>Aus S\u00fcden, Osten, Westen:<\/strong><\/p>\n<p>Aus Richtung M\u00f6hnesee kommend fahren Sie die Arnsberger Stra\u00dfe nordw\u00e4rts Richtung Soest-Zentrum. Aus den Autobahnrichtungen Kassel und Dortmund kommend fahren Sie an der Autobahnabfahrt Soest\/M\u00f6hnesee A44 ab und ebenfalls die Arnsberger Stra\u00dfe nordw\u00e4rts Richtung Soest-Zentrum. Hinter der Ampelkreuzung Arnsberger Stra\u00dfe\/Wisbyring fahren Sie rechts in den Melanchthonweg. Die Kanzlei befindet sich im 1. Geb\u00e4ude auf der rechten Seite.<\/p>\n<p><strong>Aus Norden:<\/strong><\/p>\n<p>Von der Stadthalle\/B\u00fcrgerzentrum kommend fahren Sie die Arnsberger Stra\u00dfe s\u00fcdw\u00e4rts Richtung M\u00f6hnesee\/Autobahn A44. Vor der Ampelkreuzung Arnsberger Stra\u00dfe\/Wisbyring fahren Sie links in den Melanchthonweg. Die Kanzlei befindet sich im 1. Geb\u00e4ude auf der rechten Seite.<\/p>\n","protected":false},"excerpt":{"rendered":"<p>Die Rechtsanwaltskanzlei H\u00f6cker befindet sich im Melanchthonweg 33, 59494 Soest in unmittelbarer N\u00e4he zur Ampelkreuzung Arnsberger Stra\u00dfe\/Wisbyring. Aus S\u00fcden, Osten, Westen: Aus Richtung M\u00f6hnesee kommend fahren Sie die Arnsberger Stra\u00dfe nordw\u00e4rts Richtung Soest-Zentrum. Aus den Autobahnrichtungen Kassel und Dortmund kommend fahren Sie an der Autobahnabfahrt Soest\/M\u00f6hnesee A44 ab und ebenfalls die Arnsberger Stra\u00dfe nordw\u00e4rts Richtung Soest-Zentrum. Hinter der Ampelkreuzung Arnsberger Stra\u00dfe\/Wisbyring fahren Sie rechts in den Melanchthonweg. Die Kanzlei befindet sich im 1. Geb\u00e4ude auf der rechten Seite. Aus Norden: Von der Stadthalle\/B\u00fcrgerzentrum kommend fahren Sie die Arnsberger Stra\u00dfe s\u00fcdw\u00e4rts Richtung M\u00f6hnesee\/Autobahn A44. Vor der Ampelkreuzung Arnsberger Stra\u00dfe\/Wisbyring fahren Sie links in den Melanchthonweg. Die<span class=\"more-link-wrap\"><a class=\"more-link\" href=\"https:\/\/ra-soest.de\/?page_id=3973\">Read More &rarr;<\/a><\/span><\/p>\n","protected":false},"author":1,"featured_media":0,"parent":0,"menu_order":0,"comment_status":"closed","ping_status":"closed","template":"","meta":{"footnotes":""},"class_list":["entry","author-sendlak","post-3973","page","type-page","status-publish"],"_links":{"self":[{"href":"https:\/\/ra-soest.de\/index.php?rest_route=\/wp\/v2\/pages\/3973","targetHints":{"allow":["GET"]}}],"collection":[{"href":"https:\/\/ra-soest.de\/index.php?rest_route=\/wp\/v2\/pages"}],"about":[{"href":"https:\/\/ra-soest.de\/index.php?rest_route=\/wp\/v2\/types\/page"}],"author":[{"embeddable":true,"href":"https:\/\/ra-soest.de\/index.php?rest_route=\/wp\/v2\/users\/1"}],"replies":[{"embeddable":true,"href":"https:\/\/ra-soest.de\/index.php?rest_route=%2Fwp%2Fv2%2Fcomments&post=3973"}],"version-history":[{"count":3,"href":"https:\/\/ra-soest.de\/index.php?rest_route=\/wp\/v2\/pages\/3973\/revisions"}],"predecessor-version":[{"id":4092,"href":"https:\/\/ra-soest.de\/index.php?rest_route=\/wp\/v2\/pages\/3973\/revisions\/4092"}],"wp:attachment":[{"href":"https:\/\/ra-soest.de\/index.php?rest_route=%2Fwp%2Fv2%2Fmedia&parent=3973"}],"curies":[{"name":"wp","href":"https:\/\/api.w.org\/{rel}","templated":true}]}}