{"id":3960,"date":"2017-04-08T23:02:22","date_gmt":"2017-04-08T23:02:22","guid":{"rendered":"http:\/\/sebsend.net\/?page_id=3960"},"modified":"2017-10-07T20:32:42","modified_gmt":"2017-10-07T20:32:42","slug":"historie","status":"publish","type":"page","link":"https:\/\/ra-soest.de\/?page_id=3960","title":{"rendered":"Historie"},"content":{"rendered":"<p><strong>2003<\/strong>: Gr\u00fcndung der Rechtsanwaltskanzlei Burkhard K.J. H\u00f6cker mit Sitz im Melanchthonweg 33, 59494 Soest<\/p>\n<p><strong>2006<\/strong>: Erweiterung der Kanzleir\u00e4umlichkeiten &#8211; 1. Umbauma\u00dfnahme<\/p>\n<p><strong>2010<\/strong>: Erweiterung der Kanzleir\u00e4umlichkeiten und Beginn eines Kanzleineuanbaus &#8211; 2. Umbauma\u00dfnahme<\/p>\n<p><strong>2012<\/strong>: Neubezug des Kanzleianbaus im Melanchthonweg 33, 59494 Soest<\/p>\n<p><strong>2017<\/strong>: Planungsbeginn einer Bestandsbausanierung mit Schaffung neuer Kanzleiparkpl\u00e4tze und Au\u00dfengestaltung &#8211; 3. Umbauma\u00dfnahme<\/p>\n<p><strong>Zukunft: <\/strong>Nachhaltigkeit und gesundes Wachstum durch Erfolg sollen auch die Zukunft gestalten.<\/p>\n","protected":false},"excerpt":{"rendered":"<p>2003: Gr\u00fcndung der Rechtsanwaltskanzlei Burkhard K.J. H\u00f6cker mit Sitz im Melanchthonweg 33, 59494 Soest 2006: Erweiterung der Kanzleir\u00e4umlichkeiten &#8211; 1. Umbauma\u00dfnahme 2010: Erweiterung der Kanzleir\u00e4umlichkeiten und Beginn eines Kanzleineuanbaus &#8211; 2. Umbauma\u00dfnahme 2012: Neubezug des Kanzleianbaus im Melanchthonweg 33, 59494 Soest 2017: Planungsbeginn einer Bestandsbausanierung mit Schaffung neuer Kanzleiparkpl\u00e4tze und Au\u00dfengestaltung &#8211; 3. Umbauma\u00dfnahme Zukunft: Nachhaltigkeit und gesundes Wachstum durch Erfolg sollen auch die Zukunft gestalten.<span class=\"more-link-wrap\"><a class=\"more-link\" href=\"https:\/\/ra-soest.de\/?page_id=3960\">Read More &rarr;<\/a><\/span><\/p>\n","protected":false},"author":1,"featured_media":0,"parent":0,"menu_order":0,"comment_status":"closed","ping_status":"closed","template":"","meta":{"footnotes":""},"class_list":["entry","author-sendlak","post-3960","page","type-page","status-publish"],"_links":{"self":[{"href":"https:\/\/ra-soest.de\/index.php?rest_route=\/wp\/v2\/pages\/3960","targetHints":{"allow":["GET"]}}],"collection":[{"href":"https:\/\/ra-soest.de\/index.php?rest_route=\/wp\/v2\/pages"}],"about":[{"href":"https:\/\/ra-soest.de\/index.php?rest_route=\/wp\/v2\/types\/page"}],"author":[{"embeddable":true,"href":"https:\/\/ra-soest.de\/index.php?rest_route=\/wp\/v2\/users\/1"}],"replies":[{"embeddable":true,"href":"https:\/\/ra-soest.de\/index.php?rest_route=%2Fwp%2Fv2%2Fcomments&post=3960"}],"version-history":[{"count":9,"href":"https:\/\/ra-soest.de\/index.php?rest_route=\/wp\/v2\/pages\/3960\/revisions"}],"predecessor-version":[{"id":4144,"href":"https:\/\/ra-soest.de\/index.php?rest_route=\/wp\/v2\/pages\/3960\/revisions\/4144"}],"wp:attachment":[{"href":"https:\/\/ra-soest.de\/index.php?rest_route=%2Fwp%2Fv2%2Fmedia&parent=3960"}],"curies":[{"name":"wp","href":"https:\/\/api.w.org\/{rel}","templated":true}]}}